ivided by l(7).
36
Let s = 312 - 282. Let w(b) = 9*b**2 - 1. What is the remainder when s is divided by w(-1)?
6
Let g(l) be the second derivative of 3*l - 2/3*l**3 + 0 - 5*l**2. What is the remainder when 51 is divided by g(-7)?
15
Let v(c) = -16*c**3 - 3*c - 4. Calculate the remainder when 553 is divided by v(-1).
13
Suppose -9*a - 16 = -43. Let j = 6 + -1. What is the remainder when j is divided by a?
2
Suppose -d = -4, -39*g + 7 = -38*g - 4*d. Calculate the remainder when ((-13)/(-2))/(4/56) is divided by g.
22
Let b = 853 + -797. Calculate the remainder when 178 is divided by b.
10
Suppose 0 = 2*a + 4*t - 392, 580 = -3*a + 6*a - 2*t. Let k = a - 94. Suppose 0 = 4*u + u - k. Calculate the remainder when 79 is divided by u.
19
Suppose 20*x - 21*x + 5*h = -192, x - 3*h - 182 = 0. What is the remainder when x is divided by 13?
11
Let y be (-4 + 18)/((-2)/12). Let b = y + 118. What is the remainder when 64 is divided by b?
30
Let p = 323 + -303. What is the remainder when 79 is divided by p?
19
Calculate the remainder when (-376 - (0 - 1))/(3/(-2)) is divided by 23.
20
Let t = 251 - 184. Let c(a) = a**2 - 7*a + 7. Let m be c(5). What is the remainder when t is divided by 20 + -1 - (-6)/m?
16
Let t(q) = 32*q + 4. Let n(b) = -b**2 - 35*b - 289. Calculate the remainder when t(3) is divided by n(-17).
15
Suppose 5*r + 5*f = 260, 5*r + 2*f = 7*r - 92. What is the remainder when 143 is divided by r?
45
Suppose -4*j + 15 = -13. Calculate the remainder when 2 - (-1 + (-22 - 1)) is divided by j.
5
Let a(u) = u**2 - 2*u + 2. Let q be a(4). Let l = q - 4. Suppose -l*i + 125 = -i. What is the remainder when i is divided by 14?
11
Let a = -536 - -1124. What is the remainder when a is divided by 27?
21
Let p(d) = d**3 + 2*d**2 + 3*d - 8. Let y be p(-5). Let i = 21 - y. What is the remainder when i is divided by 41?
37
Let h = 50 + -42. Suppose 5*l - 7 = -3*j - h, 4*j - 52 = 4*l. Let b = 12 + 2. Calculate the remainder when b is divided by j.
6
Suppose 0 = -2*m - 5*i + 345, 4*i + 6 = -6. Let t = -50 + m. What is the remainder when t is divided by 12?
10
Let n(a) = 6*a**2 - 26*a - 21. What is the remainder when n(9) is divided by 111?
9
Let g(y) = -45*y + 8. Let f be g(-1). Let l = f + -40. Suppose 2*c - 4*i = 66, -i = -4*c + i + 102. What is the remainder when c is divided by l?
10
Suppose -4*h + 8*h - 100 = 0. Let s be 16*3*(-4)/(-12). Let j = s - -56. What is the remainder when j is divided by h?
22
What is the remainder when 136 is divided by (-76)/114 + 3/(9/143)?
42
Suppose w + 75 = 5*n + 189, w = 4. Let i = -18 - n. Suppose -i*k = -63 + 7. What is the remainder when 39 is divided by k?
11
Let t = -2512 - -2560. Calculate the remainder when t is divided by 39.
9
Let t be 433/4 + 6/(-24). Suppose 2*y - 4*o = t, 3*y - 2*y - o - 52 = 0. What is the remainder when y is divided by 13?
11
Let q = 71 - 31. Suppose 3*h + 0*h - 50 = -2*u, 3*u - q = -2*h. What is the remainder when 66 is divided by h?
10
Calculate the remainder when ((-90)/(-27))/(-2 - 780/(-387)) is divided by 22.
17
Let f = 1334 + -1320. Calculate the remainder when (9/(-4))/(2/(-24)) is divided by f.
13
Let l(k) = -k**3 + 6*k**2 + 2*k - 4. Let n be 3/3*-3 + -16. Let w = n - -49. What is the remainder when w is divided by l(6)?
6
Let s(k) = -10*k**3 + 14 + 18*k**3 - 7*k**3 - 8*k**2. Calculate the remainder when 79 is divided by s(8).
9
Let x = 1 - -4. Calculate the remainder when 97 is divided by (5 - 10)/((-1)/x).
22
Suppose -3*n - 231 = -5*z, -z - 19 = -n - 66. Suppose 4*t - z = 11. Let p = 22 - t. What is the remainder when p is divided by 3?
2
Let z = -438 - -453. What is the remainder when 159 is divided by z?
9
Let d(r) = 2*r - 4 + 3*r**2 + 3*r - r**2. What is the remainder when 42/6 - 93/(-3) is divided by d(-4)?
6
Let d(o) = o**2 + 3*o - 7. What is the remainder when d(5) is divided by (1 - 6 - -11)*26/39?
1
Let n = -23 + 35. Let k(h) = 57*h**2 + 1. Calculate the remainder when k(1) is divided by n.
10
Let c(h) = 5*h**2 + 7*h - 1. Let x(t) = 2*t**2 + 4*t. Let y(v) = 3*c(v) - 5*x(v). Let p(b) = 21*b + 11. Calculate the remainder when p(3) is divided by y(2).
17
Let r(g) = 2*g + 1. Let i be r(-3). Let w be i/2*(-860)/25. Suppose -3*f - 29 = -w. Calculate the remainder when f is divided by 5.
4
Suppose -1642*r = -1636*r - 1638. What is the remainder when 823 is divided by r?
4
Suppose 5*g - 2*w + 4*w = 121, -g - w + 23 = 0. What is the remainder when g is divided by 7?
4
Let o = -132 - -168. Calculate the remainder when o is divided by 9.
0
Let n = -53 + 82. Let w(m) = -m - 10. Let i be w(-6). What is the remainder when n is divided by (22/i)/((-5)/10)?
7
Let i = 2270 + -2147. Calculate the remainder when 2951 is divided by i.
122
Suppose 2*b - 21 = 5. Let w(x) = -x**3 + x**2 + 15*x - 19. What is the remainder when b is divided by w(3)?
5
Let o(q) = q**2 + 6*q - 6. Calculate the remainder when o(6) is divided by 3/9*12 - (-3 - 5).
6
Suppose 20*w + w - 462 = 0. What is the remainder when 81 is divided by w?
15
Let y(l) = -l**2 - 7*l + 7. Let b be y(-7). Suppose 19*q - 48 = b*q. What is the remainder when q is divided by 2?
0
Suppose -2*j - 22 = -4*h + j, -5*j - 2 = 2*h. What is the remainder when 74 is divided by (-1302)/(-49) + h/(-7)?
22
Let r = 80 + -60. Calculate the remainder when 139 is divided by r.
19
Let w = 70 - 62. What is the remainder when 11 is divided by w?
3
Suppose 8*o - 15*o = 84. Let y = o - -29. Calculate the remainder when 82 is divided by y.
14
Let z(w) = -5*w - 3 + 3*w - 9*w. Calculate the remainder when z(-3) is divided by 18.
12
Suppose 4*h - 48*b + 51*b = 351, -b + 5 = 0. What is the remainder when 140 is divided by h?
56
Let x = 1029 - 946. What is the remainder when x is divided by 12?
11
Let b(a) = -a**3 + 7*a**2 - 6*a - 1. Let k be b(6). Let g = 28 - k. What is the remainder when 115 is divided by g?
28
Calculate the remainder when (16/(-10))/(6468/540 - 12) is divided by 37.
35
Suppose 5*l + 70 = -2*g + 248, 4*l - 156 = -5*g. Calculate the remainder when l is divided by 17.
0
Suppose 413*i - 170 = 411*i. What is the remainder when i is divided by 45?
40
Let l(h) = -h**3 + 12*h**2 - 25*h + 7. What is the remainder when 61 is divided by l(5)?
4
Let j be 3/(-2) + (-135)/(-30). Let u(a) = -a**2 + a + 4. Let f be u(j). Let l(i) = -15*i + 1. Calculate the remainder when l(f) is divided by 16.
15
Let v = -496 - -595. What is the remainder when v is divided by 6?
3
Let f(l) = -77*l**3 - 5*l**2 - 4*l + 1. Calculate the remainder when 459 is divided by f(-1).
74
Suppose 0 = -p + 4. Suppose -5*v = -p*v - 82. Suppose 4*w - 3*q - 99 = 0, -5*w - 7*q = -3*q - 85. What is the remainder when v is divided by w?
19
Suppose 4*l + 5*a = 44, -3*l + 33 = -3*a + 2*a. Let o = -531 - -550. What is the remainder when o is divided by l?
8
Let v = 20 + -45. Let m = v + 40. Calculate the remainder when m is divided by 9.
6
Let s(k) = 55*k - 237. Calculate the remainder when s(18) is divided by 26.
25
Let a(f) = f + 0*f - 19 + 0*f - 3*f. What is the remainder when a(-16) is divided by 15/(-9)*-3*1?
3
Suppose 3 = -2*r + 3*y + 31, 5*r - 47 = -4*y. What is the remainder when 65 is divided by r?
10
Suppose 14*n - 1717 = 271. Calculate the remainder when n is divided by 24.
22
Let c be (0/6 + -3)*2/(-2). Suppose c*d = 2*x + 7*d - 178, 3*x - 232 = d. Calculate the remainder when x is divided by 16.
15
Suppose -5*n - 16 = -3*x + 14, x + 4*n = -7. Suppose x*t - 156 = -t. What is the remainder when t is divided by 47/7 - (-2)/7?
5
Let k(l) = -l + 12. Let b be k(9). Suppose -4*q - n = -1, -b*q + 0 = 2*n - 2. Suppose q = -0*u + u - 18. What is the remainder when 33 is divided by u?
15
Suppose 5*d + 8 = 18. Suppose -125 = -3*x + d*l, 2*x - l - l - 82 = 0. Calculate the remainder when x is divided by 22.
21
Let b = 3 - -42. Let q = b + -3. Calculate the remainder when q is divided by 9.
6
Suppose -5*i + 49 + 54 = -3*d, 2*d + 62 = 3*i. Calculate the remainder when 337 is divided by i.
17
Let q(l) = l**2. Let y(w) = -5*w**2 + 3*w - 5. Let u(v) = 6*q(v) + y(v). Let c be 12*(-1)/(-1*3). What is the remainder when u(c) is divided by 6?
5
Calculate the remainder when 94 is divided by ((5 - 6)*-13)/1.
3
Suppose 0 = 4*t + 8, j - 112 = -2*j - 4*t. Calculate the remainder when (-1846)/(-16) + (2646/(-144) - 